{"id":3615,"date":"2015-09-19T20:00:33","date_gmt":"2015-09-20T01:00:33","guid":{"rendered":"https:\/\/21stcenturyartivism.sites.carleton.edu\/?page_id=3615"},"modified":"2023-03-15T18:05:34","modified_gmt":"2023-03-15T18:05:34","slug":"david-airob-bibliography","status":"publish","type":"page","link":"https:\/\/21stcenturyartivism.sites.carleton.edu\/en\/david-airob-bibliography\/","title":{"rendered":"David Airob &#8211; bibliography"},"content":{"rendered":"<h3>Art\u00edculos &#8211; Articles<\/h3>\n<ul>\n<li class=\"post-title post-title-single\"><a href=\"http:\/\/www.elcineenlasombra.com\/la-caja-de-cerillas-y-otros-documentales-sobre-fotografia\/\" target=\"_blank\" rel=\"noopener noreferrer\"><em>La caja de cerillas<\/em> y otros documentales sobre fotograf\u00eda<\/a>\u00a0por Arturo Maiso (09\/03\/2015)<\/li>\n<li class=\"post-title post-title-single\"><a href=\"http:\/\/espai.tonic.cat\/wp-content\/uploads\/2015\/05\/Dossier-Prensa-a-baixa.pdf\" target=\"_blank\" rel=\"noopener noreferrer\">Sobre <em>La caja de cerillas<\/em><\/a><\/li>\n<li class=\"post-title post-title-single\">Garz\u00f3n, Estrella Israel, Mar\u00eda Jos\u00e9 Pou Am\u00e9rigo, and Sylvie Thi\u00e9blemont-Dollet. \u00ab<a href=\"http:\/\/www.aeic2012tarragona.org\/comunicacions_cd\/ok\/123.pdf\" target=\"_blank\" rel=\"noopener noreferrer\">Im\u00e1genes period\u00edsticas para el debate. El caso de una mujer en la epidemia de c\u00f3lera de Haiti<\/a>.\u00bb Web. 21 Dec. 2015.<\/li>\n<li class=\"post-title post-title-single\">Guerrero Garc\u00eda, Virginia, and Bella Palomo. \u00ab<a href=\"https:\/\/www.researchgate.net\/profile\/Bella_Palomo\/publication\/283268147_The_crisis_of_photojournalism_rethinking_the_profession_in_a_participatory_media_ecosystem\/links\/562fa52308ae13ee1870e7c1.pdf\" target=\"_blank\" rel=\"noopener noreferrer\">The crisis of photojournalism: rethinking the profession in a participatory media ecosystem.<\/a>\u00bb\u00a0<i>Comunicaci\u00f3n y Sociedad<\/i>\u00a028.4 (2015). Web. 21 Dec. 2015<\/li>\n<\/ul>\n<p style=\"text-align: right;\"><a href=\"https:\/\/21stcenturyartivism.sites.carleton.edu\/en\/audiovisual-creation\/david-airob\/\">\u2b05\ufe0e Back to David Airob&#8217;s\u00a0Biography<\/a><\/p>","protected":false},"excerpt":{"rendered":"<p>Art\u00edculos &#8211; Articles La caja de cerillas y otros documentales sobre fotograf\u00eda\u00a0por Arturo Maiso (09\/03\/2015) Sobre La caja de cerillas Garz\u00f3n, Estrella Israel, Mar\u00eda Jos\u00e9 Pou Am\u00e9rigo, and Sylvie Thi\u00e9blemont-Dollet. \u00abIm\u00e1genes period\u00edsticas para el debate. El caso de una mujer en la epidemia de c\u00f3lera de Haiti.\u00bb Web. 21 Dec. 2015. Guerrero Garc\u00eda, Virginia, and [&hellip;]<\/p>","protected":false},"author":1,"featured_media":0,"parent":0,"menu_order":0,"comment_status":"closed","ping_status":"open","template":"","meta":{"site-container-style":"default","site-container-layout":"default","site-sidebar-layout":"default","disable-article-header":"default","disable-site-header":"default","disable-site-footer":"default","disable-content-area-spacing":"default"},"acf":[],"_links":{"self":[{"href":"https:\/\/21stcenturyartivism.sites.carleton.edu\/en\/wp-json\/wp\/v2\/pages\/3615"}],"collection":[{"href":"https:\/\/21stcenturyartivism.sites.carleton.edu\/en\/wp-json\/wp\/v2\/pages"}],"about":[{"href":"https:\/\/21stcenturyartivism.sites.carleton.edu\/en\/wp-json\/wp\/v2\/types\/page"}],"author":[{"embeddable":true,"href":"https:\/\/21stcenturyartivism.sites.carleton.edu\/en\/wp-json\/wp\/v2\/users\/1"}],"replies":[{"embeddable":true,"href":"https:\/\/21stcenturyartivism.sites.carleton.edu\/en\/wp-json\/wp\/v2\/comments?post=3615"}],"version-history":[{"count":1,"href":"https:\/\/21stcenturyartivism.sites.carleton.edu\/en\/wp-json\/wp\/v2\/pages\/3615\/revisions"}],"predecessor-version":[{"id":8758,"href":"https:\/\/21stcenturyartivism.sites.carleton.edu\/en\/wp-json\/wp\/v2\/pages\/3615\/revisions\/8758"}],"wp:attachment":[{"href":"https:\/\/21stcenturyartivism.sites.carleton.edu\/en\/wp-json\/wp\/v2\/media?parent=3615"}],"curies":[{"name":"wp","href":"https:\/\/api.w.org\/{rel}","templated":true}]}}

<h3>Artículos &#8211; Articles</h3>
<ul>
<li class="post-title post-title-single"><a href="http://www.elcineenlasombra.com/la-caja-de-cerillas-y-otros-documentales-sobre-fotografia/" target="_blank" rel="noopener noreferrer"><em>La caja de cerillas</em> y otros documentales sobre fotografía</a> por Arturo Maiso (09/03/2015)</li>
<li class="post-title post-title-single"><a href="http://espai.tonic.cat/wp-content/uploads/2015/05/Dossier-Prensa-a-baixa.pdf" target="_blank" rel="noopener noreferrer">Sobre <em>La caja de cerillas</em></a></li>
<li class="post-title post-title-single">Garzón, Estrella Israel, María José Pou Amérigo, and Sylvie Thiéblemont-Dollet. «<a href="http://www.aeic2012tarragona.org/comunicacions_cd/ok/123.pdf" target="_blank" rel="noopener noreferrer">Imágenes periodísticas para el debate. El caso de una mujer en la epidemia de cólera de Haiti</a>.» Web. 21 Dec. 2015.</li>
<li class="post-title post-title-single">Guerrero García, Virginia, and Bella Palomo. «<a href="https://www.researchgate.net/profile/Bella_Palomo/publication/283268147_The_crisis_of_photojournalism_rethinking_the_profession_in_a_participatory_media_ecosystem/links/562fa52308ae13ee1870e7c1.pdf" target="_blank" rel="noopener noreferrer">The crisis of photojournalism: rethinking the profession in a participatory media ecosystem.</a>» <i>Comunicación y Sociedad</i> 28.4 (2015). Web. 21 Dec. 2015</li>
</ul>
<p style="text-align: right;"><a href="https://21stcenturyartivism.sites.carleton.edu/en/audiovisual-creation/david-airob/">⬅︎ Back to David Airob&#8217;s Biography</a></p>

<p>Artículos &#8211; Articles La caja de cerillas y otros documentales sobre fotografía por Arturo Maiso (09/03/2015) Sobre La caja de cerillas Garzón, Estrella Israel, María José Pou Amérigo, and Sylvie Thiéblemont-Dollet. «Imágenes periodísticas para el debate. El caso de una mujer en la epidemia de cólera de Haiti.» Web. 21 Dec. 2015. Guerrero García, Virginia, and [&hellip;]</p>
