{"id":6466,"date":"2016-05-13T09:10:59","date_gmt":"2016-05-13T14:10:59","guid":{"rendered":"https:\/\/21stcenturyartivism.sites.carleton.edu\/?page_id=6466"},"modified":"2023-03-15T18:05:39","modified_gmt":"2023-03-15T18:05:39","slug":"bibliography-valledelkas","status":"publish","type":"page","link":"https:\/\/21stcenturyartivism.sites.carleton.edu\/en\/bibliography-valledelkas\/","title":{"rendered":"Valledelkas &#8211; Bibliography"},"content":{"rendered":"<h5>La Etnografia, Ataca de Nuevo O.\u00a0<a href=\"http:\/\/webcasus.usal.es\/orgyprof\/Difusion\/GUERREROPOVOA2.pdf\" target=\"_blank\" rel=\"noopener noreferrer\">\u00a0\u00ab1.-Introducci\u00f3n: De la pr\u00e1ctica etnogr\u00e1fica y el ciclismo.\u00bb<\/a><\/h5>\n<h5>Peinado Miguel, Fernando, Manuel Fern\u00e1ndez Sande, and Mar\u00eda Dolores Rodr\u00edguez Barba. \u00abAn\u00e1lisis de la prensa gratuita en Madrid capital.\u00bb (2010).<\/h5>\n<p style=\"text-align: right;\"><a href=\"https:\/\/21stcenturyartivism.sites.carleton.edu\/en\/colectivos\/valledelkas\/\">\u00a0\u2b05\ufe0eBack to Valledelkas&#8217; Biography<\/a><\/p>","protected":false},"excerpt":{"rendered":"<p>La Etnografia, Ataca de Nuevo O.\u00a0\u00a0\u00ab1.-Introducci\u00f3n: De la pr\u00e1ctica etnogr\u00e1fica y el ciclismo.\u00bb Peinado Miguel, Fernando, Manuel Fern\u00e1ndez Sande, and Mar\u00eda Dolores Rodr\u00edguez Barba. \u00abAn\u00e1lisis de la prensa gratuita en Madrid capital.\u00bb (2010). \u00a0\u2b05\ufe0eBack to Valledelkas&#8217; Biography<\/p>","protected":false},"author":1,"featured_media":0,"parent":0,"menu_order":0,"comment_status":"closed","ping_status":"closed","template":"","meta":{"site-container-style":"default","site-container-layout":"default","site-sidebar-layout":"default","disable-article-header":"default","disable-site-header":"default","disable-site-footer":"default","disable-content-area-spacing":"default"},"acf":[],"_links":{"self":[{"href":"https:\/\/21stcenturyartivism.sites.carleton.edu\/en\/wp-json\/wp\/v2\/pages\/6466"}],"collection":[{"href":"https:\/\/21stcenturyartivism.sites.carleton.edu\/en\/wp-json\/wp\/v2\/pages"}],"about":[{"href":"https:\/\/21stcenturyartivism.sites.carleton.edu\/en\/wp-json\/wp\/v2\/types\/page"}],"author":[{"embeddable":true,"href":"https:\/\/21stcenturyartivism.sites.carleton.edu\/en\/wp-json\/wp\/v2\/users\/1"}],"replies":[{"embeddable":true,"href":"https:\/\/21stcenturyartivism.sites.carleton.edu\/en\/wp-json\/wp\/v2\/comments?post=6466"}],"version-history":[{"count":1,"href":"https:\/\/21stcenturyartivism.sites.carleton.edu\/en\/wp-json\/wp\/v2\/pages\/6466\/revisions"}],"predecessor-version":[{"id":9199,"href":"https:\/\/21stcenturyartivism.sites.carleton.edu\/en\/wp-json\/wp\/v2\/pages\/6466\/revisions\/9199"}],"wp:attachment":[{"href":"https:\/\/21stcenturyartivism.sites.carleton.edu\/en\/wp-json\/wp\/v2\/media?parent=6466"}],"curies":[{"name":"wp","href":"https:\/\/api.w.org\/{rel}","templated":true}]}}

<h5>La Etnografia, Ataca de Nuevo O. <a href="http://webcasus.usal.es/orgyprof/Difusion/GUERREROPOVOA2.pdf" target="_blank" rel="noopener noreferrer"> «1.-Introducción: De la práctica etnográfica y el ciclismo.»</a></h5>
<h5>Peinado Miguel, Fernando, Manuel Fernández Sande, and María Dolores Rodríguez Barba. «Análisis de la prensa gratuita en Madrid capital.» (2010).</h5>
<p style="text-align: right;"><a href="https://21stcenturyartivism.sites.carleton.edu/en/colectivos/valledelkas/"> ⬅︎Back to Valledelkas&#8217; Biography</a></p>

<p>La Etnografia, Ataca de Nuevo O.  «1.-Introducción: De la práctica etnográfica y el ciclismo.» Peinado Miguel, Fernando, Manuel Fernández Sande, and María Dolores Rodríguez Barba. «Análisis de la prensa gratuita en Madrid capital.» (2010).  ⬅︎Back to Valledelkas&#8217; Biography</p>
